 c be ((-12600)/108)/(4/6). Let h = -397 + 274. Let u = h - c. What is the tens digit of u?
5
Let u = -10 - -95. What is the tens digit of u?
8
Suppose 3*b + 44 = 1922. What is the tens digit of b?
2
Let t be (-6)/24 + 30/(-8). Let h = -76 + 45. Let z = t - h. What is the tens digit of z?
2
What is the thousands digit of (4 - 4)/(-5) - (-3 + -2617)?
2
Let q be -24*(-3)/24*10. Suppose -6*g = -126 - q. What is the tens digit of g?
2
Let x = 1926 - 485. What is the hundreds digit of x?
4
Let i = 5 + -5. Let h = 0 + i. Let z = 4 - h. What is the units digit of z?
4
Let h(a) = -a**2 - 8*a + 6. Let c be h(-8). Let u = -8 - c. Let n = 44 + u. What is the units digit of n?
0
Let y be 1/(3/(-606)*-2). Suppose 2*r - 63 = -z, -r + 2*r = 2*z - y. What is the tens digit of z?
5
Let g be 2 + 0 + 1*-4. Let k be g/2 - (2 + -33). Suppose -3*b + 0*b + k = 0. What is the units digit of b?
0
Suppose 12 = 7*s - 3*s + v, s - 5*v - 3 = 0. What is the tens digit of 232 - (0/s)/(-4)?
3
Suppose -3*x = -3*h - 9 - 6, 4*x - 3*h = 25. Suppose j - x + 49 = 0. Let c = 62 + j. What is the tens digit of c?
2
Suppose n - 7 = -4. Suppose l = 54 + n. What is the units digit of l?
7
What is the units digit of 1310*(66/12 + -5)?
5
Let p = -5 + 10. Suppose -3*x - x = -m - 97, p*x - 5*m - 140 = 0. What is the tens digit of x?
2
Let k(r) be the first derivative of 2*r**2 + 1 - 1/4*r**4 - 4/3*r**3 - 4*r. What is the units digit of k(-5)?
1
Let s = 2117 + -1314. What is the hundreds digit of s?
8
Suppose 3*m = 5*l - 15947, -l + 3203 = -5*m + m. What is the tens digit of l?
8
Let i = 171 - 153. Let x = -14 - -3. Let z = i + x. What is the units digit of z?
7
What is the hundreds digit of 3572/36 + 1 - (-8)/(-36)?
1
What is the units digit of 3/9*939*4?
2
Suppose 4*c - 4 = 16. Suppose 4*v + 46 = c*n, -15 = 4*v + 4*n + 13. Let a = v + 34. What is the tens digit of a?
2
Suppose 1 = 3*w + 10. What is the units digit of 10 + (-4 + 10)/w?
8
Let y(s) = -372*s**3 + 2*s**2 - 5*s - 7. What is the units digit of y(-1)?
2
Suppose 45*s - 38*s = 16513. What is the units digit of s?
9
Suppose -r = -4*b - 958, 0 = r - 26*b + 28*b - 982. What is the hundreds digit of r?
9
Suppose 0 = 16*f - 17519 - 16817. What is the units digit of f?
6
Suppose -11425 = -13*w - 2806. What is the hundreds digit of w?
6
Let u(i) = i**3 - 5*i**2 - 5*i - 3. Let l be u(6). Suppose -l*r + 5*m + 237 = r, 0 = -r + m + 59. What is the units digit of r?
8
Suppose 9*v - 441 = 2214. What is the hundreds digit of v?
2
Let v(i) = 10*i - 2*i - 5*i + 1 + 7*i. What is the units digit of v(3)?
1
Let x(q) = -q**2 - 5*q. Let d be x(-6). Let z be d/4*4/(-3). Suppose z*s + 60 = 4*s. What is the units digit of s?
0
Let l(v) = -139*v + 2. Let r(s) = 93*s - 1. Let a(x) = 5*l(x) + 7*r(x). What is the units digit of a(-1)?
7
Suppose 5*h - b = b, 3*h + 2*b = 0. Suppose m - 34 = -h. Suppose m = 2*z + 4. What is the tens digit of z?
1
Let c = 1116 - 1105. Suppose 0 + 25 = 5*k. Let l = c + k. What is the tens digit of l?
1
Let l = -148 + 175. What is the tens digit of l?
2
Let d = 165 + -57. Suppose 28*s - 27*s - d = 0. Suppose -18*n = -15*n - s. What is the units digit of n?
6
Let w be 9/(-5*(-3)/15). What is the units digit of (0 + 70/(-3))*(w + -12)?
0
Suppose 3*k - 10 = -2*k, -2*j - 22 = -5*k. Let n = 7 + j. What is the tens digit of n - -2 - 462/(-14)?
3
Let x = -8 + 2. Let u be (-5 - -3)/(x/9). Suppose u*q + 2*s - 25 = -2*s, -4*q - s + 16 = 0. What is the units digit of q?
3
Let a = 1417 + -868. What is the hundreds digit of a?
5
What is the hundreds digit of (-35 + 34)/(-2 - (-11235)/5619)?
8
Suppose 4*v = -3*v. Suppose 5*i - 60 = -v*i. What is the tens digit of i?
1
Suppose 6 = -3*g, 3*j - 2*j + 432 = 3*g. What is the tens digit of ((-1)/2)/(3/j)?
7
Let u be (-2)/(-3) - (-11)/(-3). Let b(m) = -16*m + 9*m + 2*m - 17*m. What is the tens digit of b(u)?
6
Suppose -5291 = -15*v + 2*v. What is the hundreds digit of v?
4
Let n(l) be the second derivative of l**4/12 - 2*l**2 - l. Suppose 47 = -17*p + 22*p - 3*t, -5*p + 51 = -4*t. What is the units digit of n(p)?
5
Let w(i) = 3*i - 3. Let n be w(7). What is the units digit of n/45 + (-128)/(-5)?
6
Suppose 0 = -j - i + 55, 19 = j - i - 44. What is the tens digit of j?
5
Let n(d) = 14*d**2 - 19*d + 6. What is the hundreds digit of n(5)?
2
Let t(w) = 9*w - 17. Let k be t(4). Suppose 16*n + 264 = k*n. What is the units digit of n?
8
Suppose -z - 752 = -3*w + 4*w, -z + 1501 = -2*w. Let v = -450 - w. What is the hundreds digit of v?
3
Let t = -19 + 19. Suppose -3*x - 3*x + 150 = t. What is the units digit of x?
5
Suppose -3*s + 8 = 2*m - 5, 5*s - 4*m = 7. Let q(p) = 6*p - 190. Let r be q(32). Suppose 4*x = -3*b + 52, -s*x = -0*x - r*b - 22. What is the units digit of x?
0
What is the tens digit of (10 - (-7 + 20)) + 2*101?
9
Let b(x) = 11*x - 3. Let w(d) = d + 1. Let a(q) = -b(q) + 4*w(q). Let n(u) = -20*u + 20. Let t(f) = -11*a(f) + 4*n(f). What is the units digit of t(-7)?
4
Let k be (1 + 2)*(-72 + 5 + -1). Let t = k + 299. What is the tens digit of t?
9
Let o(v) = -v**3 - 16*v**2 - 14*v + 16. Let d be o(-15). What is the units digit of (1 - d)/3 - -20?
0
Let c = -315 + 457. What is the tens digit of c?
4
Let x = 1243 - 878. What is the tens digit of x?
6
Let n be -2*(-2 + -1 + 2). Let r be (40 - 7) + n + -2. Let l = r + -15. What is the units digit of l?
8
Let q(r) = -1007*r - 341. What is the tens digit of q(-3)?
8
Let l = -547 - -609. Let k(x) = -3*x**2 - 2*x + 1. Let q be k(-2). Let t = q + l. What is the units digit of t?
5
Let f = 543 + -78. What is the units digit of f?
5
Let r = 3424 + -1840. What is the units digit of r?
4
Let q be 7 - (-1)/(4/16). Suppose -q*c = -13*c + 28. What is the units digit of c?
4
Suppose 0 = -s + 2 - 3, -s - 171 = 5*b. Let t be b/221 - (-2)/13. What is the tens digit of (39 + -1 - t) + -4?
3
Let r(o) be the third derivative of -o**6/120 + o**5/6 + 13*o**4/24 + 11*o**3/6 + 22*o**2. What is the units digit of r(9)?
9
Suppose f + 0*f - 5 = 0. Suppose 2*h = f*n - 19, -n + 3*h + 15 = 2*n. Let d(q) = 15*q + 2. What is the tens digit of d(n)?
4
Let c = 7 + 1. Suppose -4*t + 2*u = 8, 3*u + 20 = 3*t + c*u. Suppose 2*j - 4*k - 52 = -16, -3*j - 2*k + 78 = t. What is the tens digit of j?
2
Let d = 13 - 9. What is the units digit of 9/(-18) + 86/d?
1
Let k(c) = -7*c + 4*c + 2*c + c**2 + 7. What is the tens digit of k(-4)?
2
Let y(w) = -w - 3*w**2 + 4*w + w**3 - 2*w**2 + 2*w**2 - 1. Let i be y(3). What is the tens digit of (-6)/i*(3 + -35)?
2
Let j = -14 - -423. What is the units digit of j?
9
What is the hundreds digit of (-260 + -12)*14/(-4)?
9
Suppose -12*c = 2420 - 16496. What is the thousands digit of c?
1
Suppose 3*z + 11125 = 3*b + 2677, -5*b - 4*z + 14116 = 0. What is the thousands digit of b?
2
Let p(b) = 10*b**2 + 10*b + 245. What is the hundreds digit of p(19)?
0
What is the hundreds digit of 5 - (74/259 - 20402/14)?
4
Let f(x) = 4*x - 10. Let p be f(7). Let s = p - 15. Suppose -s*b + 5*c = -19, b + 4*c + c + 7 = 0. What is the units digit of b?
3
Let k(z) = 11 + 13 + 3*z - 7*z + 3*z. Let m be k(10). Suppose 0*j - m = -j. What is the units digit of j?
4
Let t = 35 - 35. Suppose t = -5*q - 2*q + 231. What is the tens digit of q?
3
What is the thousands digit of 10731*(1 + 10)/33?
3
Let t = -2 - -5. Suppose 0*x + 8 = t*q + x, 0 = 5*q + 5*x. What is the units digit of q?
4
Let c(t) = 4*t**2 - t - 1. Let l be c(-1). Suppose -99 = -q + l*f, 0 = -f - f - 2. What is the units digit of ((-6)/(-30))/(1/q)?
9
Let d(l) = l**3 - 6*l**2 + 2*l + 5. Let x be d(5). Let y = 10 - 5. Let f = y - x. What is the tens digit of f?
1
Suppose f = 3*g + 2, g - 2*g = -3*f + 6. Let b(q) = 4*q**2 - 2 - 7*q**f + q + q**3 - 1 - 3*q**2. What is the units digit of b(6)?
3
What is the tens digit of ((-427)/(-14))/(4*5/600)?
1
Let m be 0/(-5)*1/(-2). Let o be (m - -12)/(15/20). Suppose o = -3*z + 58. What is the units digit of z?
4
Let a(m) = 5*m - 1. Let x be a(1). Suppose -60 = -x*y + 24. What is the units digit of y?
1
Let n(t) = -5*t + 17. Let y(d) = d. Let w(p) = n(p) + 4*y(p). What is the units digit of w(-18)?
5
What is the tens digit of 3/6 - 119/(-2)?
6
Suppose 500 = 2*r + 2*b, -4*b + 1223 = 5*r - 8*b. What is the tens digit of r?
4
Let y(n) = n**2 - 3 + n**2 - 3*n**2 + 6*n**2 + 2*n - n**3. Let